{"id":91545,"date":"2026-02-06T15:20:22","date_gmt":"2026-02-06T18:20:22","guid":{"rendered":"https:\/\/www.ecommerceupdate.org\/?post_type=product&#038;p=91545"},"modified":"2026-05-11T11:20:38","modified_gmt":"2026-05-11T14:20:38","slug":"marketplace-best-practices-transforming-commerce-in-the-platform-economy-english-edition","status":"publish","type":"product","link":"https:\/\/www.ecommerceupdate.com.br\/ace\/produto\/marketplace-best-practices-transforming-commerce-in-the-platform-economy-english-edition\/","title":{"rendered":"Marketplace Best Practices: Transforming Commerce in the Platform Economy (English Edition)"},"content":{"rendered":"<div class=\"woocommerce-product-details\">\n<h3>Detalhes do produto<\/h3>\n<ul>\n<li>ASIN : B08TJ3VZYX<\/li>\n<li>Editora : McFadyen Digital<\/li>\n<li>Acessibilidade : Saiba mais<\/li>\n<li>Data da publica\u00e7\u00e3o : 26 janeiro 2021<\/li>\n<li>Edi\u00e7\u00e3o : 1\u00aa<\/li>\n<li>Idioma : Ingl\u00eas<\/li>\n<li>Tamanho do arquivo : 35.2 MB<\/li>\n<li>Leitor de tela : Compat\u00edvel<\/li>\n<li>Configura\u00e7\u00e3o de fonte : Habilitado<\/li>\n<li>X-Ray : N\u00e3o habilitado<\/li>\n<li>Dicas de vocabul\u00e1rio : Habilitado<\/li>\n<li>N\u00famero de p\u00e1ginas : 534 p\u00e1ginas<\/li>\n<li>ISBN-13 : 979-8597910260<\/li>\n<li>Page Flip : Habilitado<\/li>\n<li>Ranking dos mais vendidos: N\u00ba 221.437 em Loja Kindle (Conhe\u00e7a o Top 100 na categoria Loja Kindle) N\u00ba 41 em Livros de Refer\u00eancia de Compras e Com\u00e9rcio N\u00ba 126 em Importados sobre Com\u00e9rcio Eletr\u00f4nico N\u00ba 3.332 em Neg\u00f3cios e economia em ingl\u00eas<\/li>\n<li>N\u00ba 41 em Livros de Refer\u00eancia de Compras e Com\u00e9rcio<\/li>\n<li>N\u00ba 126 em Importados sobre Com\u00e9rcio Eletr\u00f4nico<\/li>\n<li>N\u00ba 3.332 em Neg\u00f3cios e economia em ingl\u00eas<\/li>\n<li>Avalia\u00e7\u00f5es dos clientes: 4,6 4,6 de 5 estrelas (88)<\/li>\n<\/ul>\n<\/div>","protected":false},"excerpt":{"rendered":"<p>Domine as melhores pr\u00e1ticas de marketplaces para transformar o com\u00e9rcio na economia de plataformas, elevando a visibilidade, a efici\u00eancia e a gera\u00e7\u00e3o de receita da sua opera\u00e7\u00e3o. Este guia em formato eBook Kindle, na edi\u00e7\u00e3o inglesa por Tom Mc Fadyen, combina bases te\u00f3ricas com casos pr\u00e1ticos e insights acion\u00e1veis, dispon\u00edvel por apenas R$ 14,70. Leia para entender como adaptar modelos de marketplace \u00e0s suas necessidades e impulsionar resultados reais.<\/p>","protected":false},"featured_media":91545,"comment_status":"open","ping_status":"closed","template":"","meta":[],"product_cat":[1608,1628,1607],"product_tag":[2827,2828,2829],"class_list":{"0":"post-91545","1":"product","2":"type-product","3":"status-publish","4":"has-post-thumbnail","5":"product_brand-edicao-ingls-por-tom-mcfadyen-autor-formato-ebook-kindle","6":"product_cat-ebooks-kindle","7":"product_cat-ingles-e-outras-linguas","8":"product_cat-loja-kindle","9":"product_tag-kindle-ebook-for-marketplace-sellers","10":"product_tag-platform-economy-commerce-guide","11":"product_tag-tom-mcfadyen-kindle-book","13":"first","14":"instock","15":"shipping-taxable","16":"purchasable","17":"product-type-simple"},"aioseo_notices":[],"_links":{"self":[{"href":"https:\/\/www.ecommerceupdate.com.br\/ace\/wp-json\/wp\/v2\/product\/91545","targetHints":{"allow":["GET"]}}],"collection":[{"href":"https:\/\/www.ecommerceupdate.com.br\/ace\/wp-json\/wp\/v2\/product"}],"about":[{"href":"https:\/\/www.ecommerceupdate.com.br\/ace\/wp-json\/wp\/v2\/types\/product"}],"replies":[{"embeddable":true,"href":"https:\/\/www.ecommerceupdate.com.br\/ace\/wp-json\/wp\/v2\/comments?post=91545"}],"wp:featuredmedia":[{"embeddable":true,"href":"https:\/\/www.ecommerceupdate.com.br\/ace\/wp-json\/wp\/v2\/product\/91545"}],"wp:attachment":[{"href":"https:\/\/www.ecommerceupdate.com.br\/ace\/wp-json\/wp\/v2\/media?parent=91545"}],"wp:term":[{"taxonomy":"product_cat","embeddable":true,"href":"https:\/\/www.ecommerceupdate.com.br\/ace\/wp-json\/wp\/v2\/product_cat?post=91545"},{"taxonomy":"product_tag","embeddable":true,"href":"https:\/\/www.ecommerceupdate.com.br\/ace\/wp-json\/wp\/v2\/product_tag?post=91545"}],"curies":[{"name":"wp","href":"https:\/\/api.w.org\/{rel}","templated":true}]}}