{"id":91550,"date":"2026-02-06T15:45:47","date_gmt":"2026-02-06T18:45:47","guid":{"rendered":"https:\/\/www.ecommerceupdate.org\/produto\/marketplace-masters-how-to-dominate-on-amazon-walmart-in-2025-the-step-by-step-guide-to-building-automating-and-scaling-profitable-ecommerce-stores-english-edition\/"},"modified":"2026-05-11T09:36:37","modified_gmt":"2026-05-11T12:36:37","slug":"marketplace-masters-how-to-dominate-on-amazon-walmart-in-2025-the-step-by-step-guide-to-building-automating-and-scaling-profitable-ecommerce-stores-english-edition","status":"publish","type":"product","link":"https:\/\/www.ecommerceupdate.com.br\/ace\/produto\/marketplace-masters-how-to-dominate-on-amazon-walmart-in-2025-the-step-by-step-guide-to-building-automating-and-scaling-profitable-ecommerce-stores-english-edition\/","title":{"rendered":"Marketplace Masters: How to Dominate on Amazon &#038; Walmart in 2025: The Step-by-Step Guide to Building, Automating, and Scaling Profitable eCommerce Stores (English Edition)"},"content":{"rendered":"<div class=\"woocommerce-product-details\"><\/div>","protected":false},"excerpt":{"rendered":"<p>Conquiste lucros consistentes dominando Amazon e Walmart em 2025 com um m\u00e9todo que transforma sua loja em uma m\u00e1quina de crescimento automatizada. Este guia passo a passo revela como construir, automatizar e escalar opera\u00e7\u00f5es de e-commerce com estrat\u00e9gias pr\u00e1ticas para o varejo multicanal, apresentando o formato: eBook Kindle. Escrito por Aaron Nabab, esta edi\u00e7\u00e3o em ingl\u00eas oferece insights acion\u00e1veis para leitores prontos para avan\u00e7ar.<\/p>","protected":false},"featured_media":91550,"comment_status":"open","ping_status":"closed","template":"","meta":[],"product_cat":[1608,1628,1607],"product_tag":[2816,2815,2817],"class_list":{"0":"post-91550","1":"product","2":"type-product","3":"status-publish","4":"has-post-thumbnail","5":"product_brand-edicao-ingls-por-aaron-nabab-autor-formato-ebook-kindle","6":"product_cat-ebooks-kindle","7":"product_cat-ingles-e-outras-linguas","8":"product_cat-loja-kindle","9":"product_tag-automation-scaling-ecommerce-stores","10":"product_tag-kindle-ebook-amazon-walmart-2025-selling-guide","11":"product_tag-marketplace-masters-guide-for-amazon-and-walmart-sellers","13":"first","14":"instock","15":"shipping-taxable","16":"purchasable","17":"product-type-simple"},"aioseo_notices":[],"_links":{"self":[{"href":"https:\/\/www.ecommerceupdate.com.br\/ace\/wp-json\/wp\/v2\/product\/91550","targetHints":{"allow":["GET"]}}],"collection":[{"href":"https:\/\/www.ecommerceupdate.com.br\/ace\/wp-json\/wp\/v2\/product"}],"about":[{"href":"https:\/\/www.ecommerceupdate.com.br\/ace\/wp-json\/wp\/v2\/types\/product"}],"replies":[{"embeddable":true,"href":"https:\/\/www.ecommerceupdate.com.br\/ace\/wp-json\/wp\/v2\/comments?post=91550"}],"wp:featuredmedia":[{"embeddable":true,"href":"https:\/\/www.ecommerceupdate.com.br\/ace\/wp-json\/wp\/v2\/product\/91550"}],"wp:attachment":[{"href":"https:\/\/www.ecommerceupdate.com.br\/ace\/wp-json\/wp\/v2\/media?parent=91550"}],"wp:term":[{"taxonomy":"product_cat","embeddable":true,"href":"https:\/\/www.ecommerceupdate.com.br\/ace\/wp-json\/wp\/v2\/product_cat?post=91550"},{"taxonomy":"product_tag","embeddable":true,"href":"https:\/\/www.ecommerceupdate.com.br\/ace\/wp-json\/wp\/v2\/product_tag?post=91550"}],"curies":[{"name":"wp","href":"https:\/\/api.w.org\/{rel}","templated":true}]}}