{"id":93670,"date":"2026-03-05T14:06:30","date_gmt":"2026-03-05T17:06:30","guid":{"rendered":"https:\/\/www.ecommerceupdate.com.br\/produto\/como-vender-no-mercado-livre-e-ter-um-negocio-de-sucesso-o-guia-definitivo-marketing-digital-professor-adenilson\/"},"modified":"2026-05-13T10:30:36","modified_gmt":"2026-05-13T13:30:36","slug":"como-vender-no-mercado-livre-e-ter-um-negocio-de-sucesso-o-guia-definitivo-marketing-digital-professor-adenilson","status":"publish","type":"product","link":"https:\/\/www.ecommerceupdate.com.br\/ace\/produto\/como-vender-no-mercado-livre-e-ter-um-negocio-de-sucesso-o-guia-definitivo-marketing-digital-professor-adenilson\/","title":{"rendered":"Como Vender no Mercado Livre e Ter um Neg\u00f3cio de Sucesso: O Guia Definitivo! (Marketing digital &#8211; Professor Adenilson)"},"content":{"rendered":"<div class=\"woocommerce-product-details\">\n<h3>Detalhes do produto<\/h3>\n<ul>\n<li>ASIN : B08R12C83R<\/li>\n<li>Acessibilidade : Saiba mais<\/li>\n<li>Data da publica\u00e7\u00e3o : 17 dezembro 2020<\/li>\n<li>Idioma : Portugu\u00eas<\/li>\n<li>Tamanho do arquivo : 8.4 MB<\/li>\n<li>Configura\u00e7\u00e3o de fonte : Habilitado<\/li>\n<li>Dicas de vocabul\u00e1rio : N\u00e3o habilitado<\/li>\n<li>N\u00famero de p\u00e1ginas : 55 p\u00e1ginas<\/li>\n<li>Page Flip : Habilitado<\/li>\n<li>Ranking dos mais vendidos: N\u00ba 151.249 em Loja Kindle (Conhe\u00e7a o Top 100 na categoria Loja Kindle) N\u00ba 53 em Com\u00e9rcio on-line N\u00ba 183 em Web Marketing N\u00ba 5.505 em Neg\u00f3cios e economia<\/li>\n<li>N\u00ba 53 em Com\u00e9rcio on-line<\/li>\n<li>N\u00ba 183 em Web Marketing<\/li>\n<li>N\u00ba 5.505 em Neg\u00f3cios e economia<\/li>\n<li>Avalia\u00e7\u00f5es dos clientes: 4,1 4,1 de 5 estrelas (55)<\/li>\n<\/ul><\/div>","protected":false},"excerpt":{"rendered":"<p><span>Imagine-se voc\u00ea fazendo vendas todos os dias no mercado livre.<\/span>Imagine-se voc\u00ea fazendo vendas todos os dias no mercado livre.<span>Imagine-se voc\u00ea tendo liberdade e podendo viver aonde quiser.<\/span>Imagine-se voc\u00ea tendo liberdade e podendo viver aonde quiser.<span>Imagine-se voc\u00ea acordando, abrindo seu e-mail e o mesmo tendo dezenas de e-mails com o dizer VENDA REALIZADA. Imagine-se voc\u00ea faturando de R$ 9.000,00 a R$ 50.000,00 ao m\u00eas.<\/span>Imagine-se voc\u00ea acordando, abrindo seu e-mail e o mesmo tendo dezenas de e-mails com o dizer VENDA REALIZADA. Imagine-se voc\u00ea faturando de R$ 9.000,00 a R$ 50.000,00 ao m\u00eas.<br \/>Quem sabe at\u00e9 mais.<\/p>\n<p>Isso mesmo que voc\u00ea esteja come\u00e7ando do zero e que n\u00e3o saiba o que vender no mercado livre.<br \/>Que tenha pouco dinheiro e que nunca tenha vendido nada na internet.<\/p>\n<p>E porque eu digo isso? <br \/>Porque eu mesmo consegui fazer isso, criei um neg\u00f3cio digital que me possibilita ter liberdade.<br \/>Hoje eu trabalho com o que eu quero, tenho LIBERDADE e SEGURAN\u00c7A.<br \/>Isso porque sei que aconte\u00e7a o que acontecer, FAREI VENDAS TODOS OS DIAS.<\/p>\n<p>E este e-book tem UM \u00daNICO OBJETIVO que \u00e9 ajudar voc\u00ea a ter uma estrat\u00e9gia comprovada que possibilite que voc\u00ea venda todos os dias no mercado livre.<br \/>Com isso, voc\u00ea ir\u00e1 faturar de R$ 9.000 a R$ 50.000,00 por m\u00eas. Talvez at\u00e9 mais.<\/p>\n<p>O E-book \u00e9 dividido em 2 partes.<\/p>\n<p>Parte 1 \u2013 Como identificar oportunidades escondidas e ter sucesso vendendo no mercado livre<br \/>Nesta se\u00e7\u00e3o do e-book voc\u00ea aprendera uma s\u00e9rie de estrat\u00e9gias avan\u00e7adas que possibilitar\u00e3o que voc\u00ea identifique produtos com alto potencial de venda.<\/p>\n<p>Parte 2 \u2013 Como criar an\u00fancios diferenciados e se destacar dos concorrentes <br \/>Nesta se\u00e7\u00e3o do e-book voc\u00ea aprender\u00e1 a utilizar ferramentas e estrat\u00e9gias que possibilitar\u00e3o que seus an\u00fancios se diferenciem, atraindo mais cliques e gerando mais vendas que seus concorrentes.<\/p>\n<p>Preparado para a jornada?<br \/>Ent\u00e3o vamos l\u00e1.<br \/>3.<br \/>2.<br \/>1.<\/p>\n<p>O m\u00e9todo que possibilitar\u00e1 que voc\u00ea VENDA TODOS OS DIAS NO MERCADO LIVRE, tendo tenha um neg\u00f3cio digital de sucesso!<\/p>","protected":false},"featured_media":93670,"comment_status":"open","ping_status":"closed","template":"","meta":[],"product_cat":[1611,1613,1595],"product_tag":[],"class_list":{"0":"post-93670","1":"product","2":"type-product","3":"status-publish","4":"has-post-thumbnail","5":"product_brand-por-adenilson-giovanini-autor-formato-ebook-kindle","6":"product_cat-administracao-negocios-e-economia","7":"product_cat-industrias-e-profissoes","8":"product_cat-livros","10":"first","11":"instock","12":"shipping-taxable","13":"purchasable","14":"product-type-simple"},"aioseo_notices":[],"_links":{"self":[{"href":"https:\/\/www.ecommerceupdate.com.br\/ace\/wp-json\/wp\/v2\/product\/93670","targetHints":{"allow":["GET"]}}],"collection":[{"href":"https:\/\/www.ecommerceupdate.com.br\/ace\/wp-json\/wp\/v2\/product"}],"about":[{"href":"https:\/\/www.ecommerceupdate.com.br\/ace\/wp-json\/wp\/v2\/types\/product"}],"replies":[{"embeddable":true,"href":"https:\/\/www.ecommerceupdate.com.br\/ace\/wp-json\/wp\/v2\/comments?post=93670"}],"wp:featuredmedia":[{"embeddable":true,"href":"https:\/\/www.ecommerceupdate.com.br\/ace\/wp-json\/wp\/v2\/product\/93670"}],"wp:attachment":[{"href":"https:\/\/www.ecommerceupdate.com.br\/ace\/wp-json\/wp\/v2\/media?parent=93670"}],"wp:term":[{"taxonomy":"product_cat","embeddable":true,"href":"https:\/\/www.ecommerceupdate.com.br\/ace\/wp-json\/wp\/v2\/product_cat?post=93670"},{"taxonomy":"product_tag","embeddable":true,"href":"https:\/\/www.ecommerceupdate.com.br\/ace\/wp-json\/wp\/v2\/product_tag?post=93670"}],"curies":[{"name":"wp","href":"https:\/\/api.w.org\/{rel}","templated":true}]}}