{"id":93421,"date":"2026-03-04T08:52:53","date_gmt":"2026-03-04T11:52:53","guid":{"rendered":"https:\/\/www.ecommerceupdate.com.br\/produto\/250-astuces-pour-booster-votre-e-commerce-le-guide-ultime-pour-multiplier-vos-ventes-en-ligne-french-edition\/"},"modified":"2026-05-09T11:51:18","modified_gmt":"2026-05-09T14:51:18","slug":"250-astuces-pour-booster-votre-e-commerce-le-guide-ultime-pour-multiplier-vos-ventes-en-ligne-french-edition","status":"publish","type":"product","link":"https:\/\/www.ecommerceupdate.com.br\/bho\/produto\/250-astuces-pour-booster-votre-e-commerce-le-guide-ultime-pour-multiplier-vos-ventes-en-ligne-french-edition\/","title":{"rendered":"250 astuces pour booster votre e-commerce : Le guide ultime pour multiplier vos ventes en ligne (French Edition)"},"content":{"rendered":"<div class=\"woocommerce-product-details\"><\/div>","protected":false},"excerpt":{"rendered":"<p>Aumente substancialmente suas vendas online com estrat\u00e9gias comprovadas apresentadas neste guia definitivo de e-commerce. Dispon\u00edvel em formato Kindle, esta edi\u00e7\u00e3o francesa re\u00fane 250 dicas acion\u00e1veis para impulsionar convers\u00f5es, otimizar p\u00e1ginas de produto e planejar campanhas de marketing eficazes. Descubra t\u00e1ticas pr\u00e1ticas que voc\u00ea pode aplicar j\u00e1 para transformar visitantes em clientes fi\u00e9is.<\/p>","protected":false},"featured_media":93421,"comment_status":"open","ping_status":"closed","template":"","meta":[],"product_cat":[1608,1628,1607],"product_tag":[2624,2623,2625],"class_list":{"0":"post-93421","1":"product","2":"type-product","3":"status-publish","4":"has-post-thumbnail","5":"product_brand-edicao-francs-por-samia-seriak-autor-formato-ebook-kindle","6":"product_cat-ebooks-kindle","7":"product_cat-ingles-e-outras-linguas","8":"product_cat-loja-kindle","9":"product_tag-250-astuces-e-commerce","10":"product_tag-ebook-kindle-francais","11":"product_tag-strategies-vente-en-ligne","13":"first","14":"instock","15":"shipping-taxable","16":"purchasable","17":"product-type-simple"},"aioseo_notices":[],"_links":{"self":[{"href":"https:\/\/www.ecommerceupdate.com.br\/bho\/wp-json\/wp\/v2\/product\/93421","targetHints":{"allow":["GET"]}}],"collection":[{"href":"https:\/\/www.ecommerceupdate.com.br\/bho\/wp-json\/wp\/v2\/product"}],"about":[{"href":"https:\/\/www.ecommerceupdate.com.br\/bho\/wp-json\/wp\/v2\/types\/product"}],"replies":[{"embeddable":true,"href":"https:\/\/www.ecommerceupdate.com.br\/bho\/wp-json\/wp\/v2\/comments?post=93421"}],"wp:featuredmedia":[{"embeddable":true,"href":"https:\/\/www.ecommerceupdate.com.br\/bho\/wp-json\/wp\/v2\/product\/93421"}],"wp:attachment":[{"href":"https:\/\/www.ecommerceupdate.com.br\/bho\/wp-json\/wp\/v2\/media?parent=93421"}],"wp:term":[{"taxonomy":"product_cat","embeddable":true,"href":"https:\/\/www.ecommerceupdate.com.br\/bho\/wp-json\/wp\/v2\/product_cat?post=93421"},{"taxonomy":"product_tag","embeddable":true,"href":"https:\/\/www.ecommerceupdate.com.br\/bho\/wp-json\/wp\/v2\/product_tag?post=93421"}],"curies":[{"name":"wp","href":"https:\/\/api.w.org\/{rel}","templated":true}]}}