{"id":94175,"date":"2026-03-09T04:16:34","date_gmt":"2026-03-09T07:16:34","guid":{"rendered":"https:\/\/www.ecommerceupdate.com.br\/produto\/manual-de-venda-de-sucesso-na-shopee\/"},"modified":"2026-05-13T10:52:18","modified_gmt":"2026-05-13T13:52:18","slug":"manual-de-venda-de-sucesso-na-shopee","status":"publish","type":"product","link":"https:\/\/www.ecommerceupdate.com.br\/ceb\/produto\/manual-de-venda-de-sucesso-na-shopee\/","title":{"rendered":"Manual de venda de sucesso na Shopee"},"content":{"rendered":"<div class=\"woocommerce-product-details\"><\/div>","protected":false},"excerpt":{"rendered":"<p>Aumente suas vendas na Shopee com t\u00e9cnicas comprovadas que transformam visitas em compras e elevam seu lucro de forma est\u00e1vel. Escrito por Victor Lemos, o manual oferece um passo a passo pr\u00e1tico para otimizar an\u00fancios, gest\u00e3o de estoque e atendimento ao cliente, apresentado em formato eBook Kindle. Por apenas R$ 24,99, voc\u00ea ter\u00e1 acesso a estrat\u00e9gias acion\u00e1veis para aplicar j\u00e1 e acelerar seus resultados, com exemplos reais e checklists para facilitar a implementa\u00e7\u00e3o.<\/p>","protected":false},"featured_media":94175,"comment_status":"open","ping_status":"closed","template":"","meta":[],"product_cat":[1611,1595,1618],"product_tag":[2299,2300,2301],"class_list":{"0":"post-94175","1":"product","2":"type-product","3":"status-publish","4":"has-post-thumbnail","5":"product_brand-por-victor-lemos-autor-formato-ebook-kindle","6":"product_cat-administracao-negocios-e-economia","7":"product_cat-livros","8":"product_cat-marketing-e-vendas","9":"product_tag-ebook-kindle-shopee-guia-de-vendas","10":"product_tag-estrategias-de-vendas-shopee-para-lojistas","11":"product_tag-victor-lemos-shopee-livro-de-negocios","13":"first","14":"instock","15":"shipping-taxable","16":"purchasable","17":"product-type-simple"},"aioseo_notices":[],"_links":{"self":[{"href":"https:\/\/www.ecommerceupdate.com.br\/ceb\/wp-json\/wp\/v2\/product\/94175","targetHints":{"allow":["GET"]}}],"collection":[{"href":"https:\/\/www.ecommerceupdate.com.br\/ceb\/wp-json\/wp\/v2\/product"}],"about":[{"href":"https:\/\/www.ecommerceupdate.com.br\/ceb\/wp-json\/wp\/v2\/types\/product"}],"replies":[{"embeddable":true,"href":"https:\/\/www.ecommerceupdate.com.br\/ceb\/wp-json\/wp\/v2\/comments?post=94175"}],"wp:featuredmedia":[{"embeddable":true,"href":"https:\/\/www.ecommerceupdate.com.br\/ceb\/wp-json\/wp\/v2\/product\/94175"}],"wp:attachment":[{"href":"https:\/\/www.ecommerceupdate.com.br\/ceb\/wp-json\/wp\/v2\/media?parent=94175"}],"wp:term":[{"taxonomy":"product_cat","embeddable":true,"href":"https:\/\/www.ecommerceupdate.com.br\/ceb\/wp-json\/wp\/v2\/product_cat?post=94175"},{"taxonomy":"product_tag","embeddable":true,"href":"https:\/\/www.ecommerceupdate.com.br\/ceb\/wp-json\/wp\/v2\/product_tag?post=94175"}],"curies":[{"name":"wp","href":"https:\/\/api.w.org\/{rel}","templated":true}]}}